{"id":63,"date":"2024-08-24T13:37:59","date_gmt":"2024-08-24T11:37:59","guid":{"rendered":"https:\/\/coueroncuisine.fr\/?page_id=63"},"modified":"2024-08-24T13:42:24","modified_gmt":"2024-08-24T11:42:24","slug":"mes-realisations","status":"publish","type":"page","link":"https:\/\/coueroncuisine.fr\/index.php\/mes-realisations\/","title":{"rendered":"Mes r\u00e9alisations"},"content":{"rendered":"\n<p>Chaque projet est unique, chaque espace m\u00e9rite une attention particuli\u00e8re. D\u00e9couvrez comment je transforme vos id\u00e9es en espaces fonctionnelles et esth\u00e9tiques.. De la conception de meubles au montage pour votre cuisine, sanitaire ou buanderie. Je mets mon savoir-faire \u00e0 votre service pour donner vie \u00e0 vos envies.<\/p>\n\n\n\n<figure class=\"wp-block-gallery has-nested-images columns-default is-cropped wp-block-gallery-1 is-layout-flex wp-block-gallery-is-layout-flex\">\n<figure class=\"wp-block-image size-large\"><img loading=\"lazy\" decoding=\"async\" width=\"1024\" height=\"768\" data-id=\"65\" src=\"https:\/\/coueroncuisine.fr\/wp-content\/uploads\/2024\/08\/IMG_20240823_183237-1024x768.jpg\" alt=\"\" class=\"wp-image-65\" srcset=\"https:\/\/coueroncuisine.fr\/wp-content\/uploads\/2024\/08\/IMG_20240823_183237-1024x768.jpg 1024w, https:\/\/coueroncuisine.fr\/wp-content\/uploads\/2024\/08\/IMG_20240823_183237-300x225.jpg 300w, https:\/\/coueroncuisine.fr\/wp-content\/uploads\/2024\/08\/IMG_20240823_183237-768x576.jpg 768w, https:\/\/coueroncuisine.fr\/wp-content\/uploads\/2024\/08\/IMG_20240823_183237-1536x1152.jpg 1536w, https:\/\/coueroncuisine.fr\/wp-content\/uploads\/2024\/08\/IMG_20240823_183237-2048x1536.jpg 2048w\" sizes=\"auto, (max-width: 767px) 89vw, (max-width: 1000px) 54vw, (max-width: 1071px) 543px, 580px\" \/><\/figure>\n\n\n\n<figure class=\"wp-block-image size-large\"><img loading=\"lazy\" decoding=\"async\" width=\"1024\" height=\"768\" data-id=\"68\" src=\"https:\/\/coueroncuisine.fr\/wp-content\/uploads\/2024\/08\/IMG_20210206_112608-1024x768.jpg\" alt=\"\" class=\"wp-image-68\" srcset=\"https:\/\/coueroncuisine.fr\/wp-content\/uploads\/2024\/08\/IMG_20210206_112608-1024x768.jpg 1024w, https:\/\/coueroncuisine.fr\/wp-content\/uploads\/2024\/08\/IMG_20210206_112608-300x225.jpg 300w, https:\/\/coueroncuisine.fr\/wp-content\/uploads\/2024\/08\/IMG_20210206_112608-768x576.jpg 768w, https:\/\/coueroncuisine.fr\/wp-content\/uploads\/2024\/08\/IMG_20210206_112608-1536x1152.jpg 1536w, https:\/\/coueroncuisine.fr\/wp-content\/uploads\/2024\/08\/IMG_20210206_112608-2048x1536.jpg 2048w\" sizes=\"auto, (max-width: 767px) 89vw, (max-width: 1000px) 54vw, (max-width: 1071px) 543px, 580px\" \/><\/figure>\n\n\n\n<figure class=\"wp-block-image size-large\"><img loading=\"lazy\" decoding=\"async\" width=\"1024\" height=\"768\" data-id=\"67\" src=\"https:\/\/coueroncuisine.fr\/wp-content\/uploads\/2024\/08\/IMG_20240824_113733-1024x768.jpg\" alt=\"\" class=\"wp-image-67\" srcset=\"https:\/\/coueroncuisine.fr\/wp-content\/uploads\/2024\/08\/IMG_20240824_113733-1024x768.jpg 1024w, https:\/\/coueroncuisine.fr\/wp-content\/uploads\/2024\/08\/IMG_20240824_113733-300x225.jpg 300w, https:\/\/coueroncuisine.fr\/wp-content\/uploads\/2024\/08\/IMG_20240824_113733-768x576.jpg 768w, https:\/\/coueroncuisine.fr\/wp-content\/uploads\/2024\/08\/IMG_20240824_113733-1536x1152.jpg 1536w, https:\/\/coueroncuisine.fr\/wp-content\/uploads\/2024\/08\/IMG_20240824_113733-2048x1536.jpg 2048w\" sizes=\"auto, (max-width: 767px) 89vw, (max-width: 1000px) 54vw, (max-width: 1071px) 543px, 580px\" \/><\/figure>\n\n\n\n<figure class=\"wp-block-image size-large\"><img loading=\"lazy\" decoding=\"async\" width=\"1024\" height=\"768\" data-id=\"69\" src=\"https:\/\/coueroncuisine.fr\/wp-content\/uploads\/2024\/08\/IMG_20240823_182939-1-1024x768.jpg\" alt=\"\" class=\"wp-image-69\" srcset=\"https:\/\/coueroncuisine.fr\/wp-content\/uploads\/2024\/08\/IMG_20240823_182939-1-1024x768.jpg 1024w, https:\/\/coueroncuisine.fr\/wp-content\/uploads\/2024\/08\/IMG_20240823_182939-1-300x225.jpg 300w, https:\/\/coueroncuisine.fr\/wp-content\/uploads\/2024\/08\/IMG_20240823_182939-1-768x576.jpg 768w, https:\/\/coueroncuisine.fr\/wp-content\/uploads\/2024\/08\/IMG_20240823_182939-1-1536x1152.jpg 1536w, https:\/\/coueroncuisine.fr\/wp-content\/uploads\/2024\/08\/IMG_20240823_182939-1-2048x1536.jpg 2048w\" sizes=\"auto, (max-width: 767px) 89vw, (max-width: 1000px) 54vw, (max-width: 1071px) 543px, 580px\" \/><\/figure>\n\n\n\n<figure class=\"wp-block-image size-large\"><img loading=\"lazy\" decoding=\"async\" width=\"2560\" height=\"1920\" data-id=\"66\" src=\"https:\/\/coueroncuisine.fr\/wp-content\/uploads\/2024\/08\/IMG_20240824_113000-1-scaled.jpg\" alt=\"\" class=\"wp-image-66\" srcset=\"https:\/\/coueroncuisine.fr\/wp-content\/uploads\/2024\/08\/IMG_20240824_113000-1-scaled.jpg 2560w, https:\/\/coueroncuisine.fr\/wp-content\/uploads\/2024\/08\/IMG_20240824_113000-1-300x225.jpg 300w\" sizes=\"auto, (max-width: 767px) 89vw, (max-width: 1000px) 54vw, (max-width: 1071px) 543px, 580px\" \/><\/figure>\n<\/figure>\n","protected":false},"excerpt":{"rendered":"<p>Chaque projet est unique, chaque espace m\u00e9rite une attention particuli\u00e8re. D\u00e9couvrez comment je transforme vos id\u00e9es en espaces fonctionnelles et esth\u00e9tiques.. De la conception de meubles au montage pour votre cuisine, sanitaire ou buanderie. Je mets mon savoir-faire \u00e0 votre service pour donner vie \u00e0 vos envies.<\/p>\n","protected":false},"author":1,"featured_media":0,"parent":0,"menu_order":0,"comment_status":"closed","ping_status":"closed","template":"","meta":{"footnotes":""},"class_list":["post-63","page","type-page","status-publish","hentry"],"_links":{"self":[{"href":"https:\/\/coueroncuisine.fr\/index.php\/wp-json\/wp\/v2\/pages\/63","targetHints":{"allow":["GET"]}}],"collection":[{"href":"https:\/\/coueroncuisine.fr\/index.php\/wp-json\/wp\/v2\/pages"}],"about":[{"href":"https:\/\/coueroncuisine.fr\/index.php\/wp-json\/wp\/v2\/types\/page"}],"author":[{"embeddable":true,"href":"https:\/\/coueroncuisine.fr\/index.php\/wp-json\/wp\/v2\/users\/1"}],"replies":[{"embeddable":true,"href":"https:\/\/coueroncuisine.fr\/index.php\/wp-json\/wp\/v2\/comments?post=63"}],"version-history":[{"count":2,"href":"https:\/\/coueroncuisine.fr\/index.php\/wp-json\/wp\/v2\/pages\/63\/revisions"}],"predecessor-version":[{"id":73,"href":"https:\/\/coueroncuisine.fr\/index.php\/wp-json\/wp\/v2\/pages\/63\/revisions\/73"}],"wp:attachment":[{"href":"https:\/\/coueroncuisine.fr\/index.php\/wp-json\/wp\/v2\/media?parent=63"}],"curies":[{"name":"wp","href":"https:\/\/api.w.org\/{rel}","templated":true}]}}